{"id":380,"date":"2023-10-02T21:12:59","date_gmt":"2023-10-02T21:12:59","guid":{"rendered":"https:\/\/selimhidrolik.com\/eng\/?page_id=380"},"modified":"2023-10-27T10:43:51","modified_gmt":"2023-10-27T10:43:51","slug":"online-basvuru-formu","status":"publish","type":"page","link":"https:\/\/selimhidrolik.com\/eng\/?page_id=380","title":{"rendered":"Online Application Form"},"content":{"rendered":"\n<div class=\"wpcf7 no-js\" id=\"wpcf7-f313-o1\" lang=\"en-US\" dir=\"ltr\">\n<div class=\"screen-reader-response\"><p role=\"status\" aria-live=\"polite\" aria-atomic=\"true\"><\/p> <ul><\/ul><\/div>\n<form action=\"\/eng\/index.php?rest_route=%2Fwp%2Fv2%2Fpages%2F380#wpcf7-f313-o1\" method=\"post\" class=\"wpcf7-form init\" aria-label=\"Contact form\" novalidate=\"novalidate\" data-status=\"init\">\n<div style=\"display: none;\">\n<input type=\"hidden\" name=\"_wpcf7\" value=\"313\" \/>\n<input type=\"hidden\" name=\"_wpcf7_version\" value=\"5.8.2\" \/>\n<input type=\"hidden\" name=\"_wpcf7_locale\" value=\"en_US\" \/>\n<input type=\"hidden\" name=\"_wpcf7_unit_tag\" value=\"wpcf7-f313-o1\" \/>\n<input type=\"hidden\" name=\"_wpcf7_container_post\" value=\"0\" \/>\n<input type=\"hidden\" name=\"_wpcf7_posted_data_hash\" value=\"\" \/>\n<\/div>\n<table style=\"border: 1px solid; border-color:#4f81bd;\" cellspacing=\"1\" cellpadding=\"8\">\n\t<tr bgcolor=\"#ffffff\">\n\t\t<td  width=\"300\">\n\t\t\t<p>Ad\u0131n\u0131z Soyad\u0131n\u0131z<span style=\"color:#F00\">*<\/span>\n\t\t\t<\/p>\n\t\t<\/td>\n\t\t<td  width=\"300\">\n\t\t\t<p><span class=\"wpcf7-form-control-wrap\" data-name=\"your-name\"><input size=\"40\" class=\"wpcf7-form-control wpcf7-text wpcf7-validates-as-required\" aria-required=\"true\" aria-invalid=\"false\" value=\"\" type=\"text\" name=\"your-name\" \/><\/span>\n\t\t\t<\/p>\n\t\t<\/td>\n\t<\/tr>\n\t<tr bgcolor=\"#ffffff\">\n\t\t<td  width=\"300\">\n\t\t\t<p>Do\u011fum Yeriniz<span style=\"color:#F00\">*<\/span>\n\t\t\t<\/p>\n\t\t<\/td>\n\t\t<td  width=\"300\">\n\t\t\t<p><span class=\"wpcf7-form-control-wrap\" data-name=\"Dogum_yeri\"><input size=\"40\" class=\"wpcf7-form-control wpcf7-text wpcf7-validates-as-required\" aria-required=\"true\" aria-invalid=\"false\" placeholder=\"Do\u011fum Yeri\" value=\"\" type=\"text\" name=\"Dogum_yeri\" \/><\/span>\n\t\t\t<\/p>\n\t\t<\/td>\n\t<\/tr>\n\t<tr bgcolor=\"#d3dfee\">\n\t\t<td width=\"300\">\n\t\t\t<p>Do\u011fum Tarihi (Se\u00e7iniz)\n\t\t\t<\/p>\n\t\t<\/td>\n\t\t<td width=\"300\">\n\t\t\t<p><span class=\"wpcf7-form-control-wrap\" data-name=\"dogumtarihi\"><select class=\"wpcf7-form-control wpcf7-select\" aria-invalid=\"false\" name=\"dogumtarihi\"><option value=\"\">&#8212;Please choose an option&#8212;<\/option><option value=\"1960\">1960<\/option><option value=\"1961\">1961<\/option><option value=\"1962\">1962<\/option><option value=\"1963\">1963<\/option><option value=\"1964\">1964<\/option><option value=\"1965\">1965<\/option><option value=\"1966\">1966<\/option><option value=\"1967\">1967<\/option><option value=\"1968\">1968<\/option><option value=\"1969\">1969<\/option><option value=\"1970\">1970<\/option><option value=\"1971\">1971<\/option><option value=\"1972\">1972<\/option><option value=\"1973\">1973<\/option><option value=\"1974\">1974<\/option><option value=\"1975\">1975<\/option><option value=\"1976\">1976<\/option><option value=\"1977\">1977<\/option><option value=\"1978\">1978<\/option><option value=\"1979\">1979<\/option><option value=\"1980\">1980<\/option><option value=\"1981\">1981<\/option><option value=\"1982\">1982<\/option><option value=\"1983\">1983<\/option><option value=\"1984\">1984<\/option><option value=\"1985\">1985<\/option><option value=\"1986\">1986<\/option><option value=\"1987\">1987<\/option><option value=\"1988\">1988<\/option><option value=\"1989\">1989<\/option><option value=\"1990\">1990<\/option><option value=\"1991\">1991<\/option><option value=\"1992\">1992<\/option><option value=\"1993\">1993<\/option><option value=\"1994\">1994<\/option><option value=\"1995\">1995<\/option><option value=\"1996\">1996<\/option><option value=\"1997\">1997<\/option><option value=\"1998\">1998<\/option><option value=\"1999\">1999<\/option><option value=\"2000\">2000<\/option><\/select><\/span>\n\t\t\t<\/p>\n\t\t<\/td>\n\t<\/tr>\n\t<tr bgcolor=\"#ffffff\">\n\t\t<td>\n\t\t\t<p>Medeni Hali:\n\t\t\t<\/p>\n\t\t<\/td>\n\t\t<td>\n\t\t\t<p><span class=\"wpcf7-form-control-wrap\" data-name=\"medeni_hal\"><span class=\"wpcf7-form-control wpcf7-radio\"><span class=\"wpcf7-list-item first\"><label><input type=\"radio\" name=\"medeni_hal\" value=\"Evli\" \/><span class=\"wpcf7-list-item-label\">Evli<\/span><\/label><\/span><span class=\"wpcf7-list-item last\"><label><input type=\"radio\" name=\"medeni_hal\" value=\"Bekar\" \/><span class=\"wpcf7-list-item-label\">Bekar<\/span><\/label><\/span><\/span><\/span>\n\t\t\t<\/p>\n\t\t<\/td>\n\t<\/tr>\n\t<tr bgcolor=\"#d3dfee\">\n\t\t<td>\n\t\t\t<p>Cinsiyet:<span style=\"color:#F00\">*<\/span>\n\t\t\t<\/p>\n\t\t<\/td>\n\t\t<td>\n\t\t\t<p><span class=\"wpcf7-form-control-wrap\" data-name=\"cinsiyet\"><span class=\"wpcf7-form-control wpcf7-radio\"><span class=\"wpcf7-list-item first\"><label><input type=\"radio\" name=\"cinsiyet\" value=\"Bayan\" \/><span class=\"wpcf7-list-item-label\">Bayan<\/span><\/label><\/span><span class=\"wpcf7-list-item last\"><label><input type=\"radio\" name=\"cinsiyet\" value=\"Bay\" \/><span class=\"wpcf7-list-item-label\">Bay<\/span><\/label><\/span><\/span><\/span>\n\t\t\t<\/p>\n\t\t<\/td>\n\t<\/tr>\n\t<tr bgcolor=\"#ffffff\">\n\t\t<td>\n\t\t\t<p>Cep Telefonu <span style=\"color:#F00\">*<\/span>\n\t\t\t<\/p>\n\t\t<\/td>\n\t\t<td>\n\t\t\t<p><span class=\"wpcf7-form-control-wrap\" data-name=\"ceptel\"><input size=\"11\" maxlength=\"11\" class=\"wpcf7-form-control wpcf7-text\" aria-invalid=\"false\" value=\"\" type=\"text\" name=\"ceptel\" \/><\/span>\n\t\t\t<\/p>\n\t\t<\/td>\n\t<\/tr>\n\t<tr bgcolor=\"#d3dfee\">\n\t\t<td>\n\t\t\t<p>E-Posta Adresiniz\n\t\t\t<\/p>\n\t\t<\/td>\n\t\t<td>\n\t\t\t<p><span class=\"wpcf7-form-control-wrap\" data-name=\"your-email\"><input size=\"40\" class=\"wpcf7-form-control wpcf7-email wpcf7-text wpcf7-validates-as-email\" aria-invalid=\"false\" value=\"\" type=\"email\" name=\"your-email\" \/><\/span>\n\t\t\t<\/p>\n\t\t<\/td>\n\t<\/tr>\n\t<tr bgcolor=\"#d3dfee\">\n\t\t<td>\n\t\t\t<p>\u00d6\u011frenim Durumu <span style=\"color:#F00\">*<\/span>(Se\u00e7iniz)\n\t\t\t<\/p>\n\t\t<\/td>\n\t\t<td>\n\t\t\t<p><span class=\"wpcf7-form-control-wrap\" data-name=\"ogrenim\"><select class=\"wpcf7-form-control wpcf7-select\" aria-invalid=\"false\" name=\"ogrenim\"><option value=\"\">&#8212;Please choose an option&#8212;<\/option><option value=\"\u0130lkokul\">\u0130lkokul<\/option><option value=\"Lise\">Lise<\/option><option value=\"\u00d6n Lisans\">\u00d6n Lisans<\/option><option value=\"Lisans\">Lisans<\/option><option value=\"Y\u00fcksek Lisans\">Y\u00fcksek Lisans<\/option><\/select><\/span>\n\t\t\t<\/p>\n\t\t<\/td>\n\t<\/tr>\n\t<tr bgcolor=\"#ffffff\">\n\t\t<td>\n\t\t\t<p>Talep Edilen G\u00f6rev\n\t\t\t<\/p>\n\t\t<\/td>\n\t\t<td>\n\t\t\t<p><span class=\"wpcf7-form-control-wrap\" data-name=\"gorev\"><input size=\"40\" class=\"wpcf7-form-control wpcf7-text\" aria-invalid=\"false\" value=\"\" type=\"text\" name=\"gorev\" \/><\/span>\n\t\t\t<\/p>\n\t\t<\/td>\n\t<\/tr>\n\t<tr bgcolor=\"#ffffff\">\n\t\t<td>\n\t\t\t<p>Daha \u00d6nce Nerelerde \u00c7al\u0131\u015ft\u0131n\u0131z?<span style=\"color:#F00\">*<\/span>\n\t\t\t<\/p>\n\t\t<\/td>\n\t\t<td>\n\t\t\t<p><span class=\"wpcf7-form-control-wrap\" data-name=\"calisilan_yer\"><input size=\"50\" class=\"wpcf7-form-control wpcf7-text\" aria-invalid=\"false\" placeholder=\"Daha \u00f6nce \u00e7al\u0131\u015f\u0131lan Yer ve Pozisyonlar\u0131 Virg\u00fcl ile ay\u0131rarak yaz\u0131n\u0131z.\" value=\"\" type=\"text\" name=\"calisilan_yer\" \/><\/span>\n\t\t\t<\/p>\n\t\t<\/td>\n\t<\/tr>\n\t<tr bgcolor=\"#d3dfee\">\n\t\t<td>\n\t\t\t<p>Sigara Kullan\u0131yor musunuz?\n\t\t\t<\/p>\n\t\t<\/td>\n\t\t<td>\n\t\t\t<p><span class=\"wpcf7-form-control-wrap\" data-name=\"sigara\"><span class=\"wpcf7-form-control wpcf7-radio\"><span class=\"wpcf7-list-item first\"><label><input type=\"radio\" name=\"sigara\" value=\"Evet\" \/><span class=\"wpcf7-list-item-label\">Evet<\/span><\/label><\/span><span class=\"wpcf7-list-item last\"><label><input type=\"radio\" name=\"sigara\" value=\"Hay\u0131r\" \/><span class=\"wpcf7-list-item-label\">Hay\u0131r<\/span><\/label><\/span><\/span><\/span>\n\t\t\t<\/p>\n\t\t<\/td>\n\t<\/tr>\n\t<tr bgcolor=\"#ffffff\">\n\t\t<td>\n\t\t\t<p>Ehliyetiniz var m\u0131 ?\n\t\t\t<\/p>\n\t\t<\/td>\n\t\t<td>\n\t\t\t<p><span class=\"wpcf7-form-control-wrap\" data-name=\"ehliyet\"><span class=\"wpcf7-form-control wpcf7-radio\"><span class=\"wpcf7-list-item first\"><label><input type=\"radio\" name=\"ehliyet\" value=\"Var\" \/><span class=\"wpcf7-list-item-label\">Var<\/span><\/label><\/span><span class=\"wpcf7-list-item last\"><label><input type=\"radio\" name=\"ehliyet\" value=\"Yok\" \/><span class=\"wpcf7-list-item-label\">Yok<\/span><\/label><\/span><\/span><\/span>\n\t\t\t<\/p>\n\t\t<\/td>\n\t<\/tr>\n\t<tr bgcolor=\"#ffffff\">\n\t\t<td>\n\t\t\t<p>Hakk\u0131n\u0131zda Bilgi Alabilece\u011fimiz Ki\u015filer (Referanslar)\n\t\t\t<\/p>\n\t\t<\/td>\n\t\t<td>\n\t\t\t<p><span class=\"wpcf7-form-control-wrap\" data-name=\"referans\"><input size=\"50\" class=\"wpcf7-form-control wpcf7-text\" aria-invalid=\"false\" placeholder=\"\u0130sim ve Telefon Numaras\u0131\" value=\"\" type=\"text\" name=\"referans\" \/><\/span>\n\t\t\t<\/p>\n\t\t<\/td>\n\t<\/tr>\n\t<tr bgcolor=\"#d3dfee\">\n\t\t<td>\n\t\t\t<p>\u015eirketimizde \u00e7al\u0131\u015fan tan\u0131d\u0131\u011f\u0131n\u0131z var m\u0131?\n\t\t\t<\/p>\n\t\t<\/td>\n\t\t<td>\n\t\t\t<p><span class=\"wpcf7-form-control-wrap\" data-name=\"soyluref\"><input size=\"50\" class=\"wpcf7-form-control wpcf7-text\" aria-invalid=\"false\" placeholder=\"Ad Soyad\" value=\"\" type=\"text\" name=\"soyluref\" \/><\/span>\n\t\t\t<\/p>\n\t\t<\/td>\n\t<\/tr>\n\t<tr bgcolor=\"#ffffff\">\n\t\t<td>\n\t\t\t<p>Engel durumu\n\t\t\t<\/p>\n\t\t<\/td>\n\t\t<td>\n\t\t\t<p><span class=\"wpcf7-form-control-wrap\" data-name=\"ozurdurumu\"><input size=\"50\" class=\"wpcf7-form-control wpcf7-text\" aria-invalid=\"false\" placeholder=\"Yok \/ Varsa belirtiniz\" value=\"\" type=\"text\" name=\"ozurdurumu\" \/><\/span>\n\t\t\t<\/p>\n\t\t<\/td>\n\t<\/tr>\n\t<tr bgcolor=\"#d3dfee\">\n\t\t<td>\n\t\t\t<p>Askerlik Durumu<span style=\"color:#F00\">*<\/span>\n\t\t\t<\/p>\n\t\t<\/td>\n\t\t<td>\n\t\t\t<p><span class=\"wpcf7-form-control-wrap\" data-name=\"askerlik\"><span class=\"wpcf7-form-control wpcf7-radio\"><span class=\"wpcf7-list-item first\"><label><input type=\"radio\" name=\"askerlik\" value=\"Tamamland\u0131\" \/><span class=\"wpcf7-list-item-label\">Tamamland\u0131<\/span><\/label><\/span><span class=\"wpcf7-list-item\"><label><input type=\"radio\" name=\"askerlik\" value=\"Tamamlanmad\u0131\" \/><span class=\"wpcf7-list-item-label\">Tamamlanmad\u0131<\/span><\/label><\/span><span class=\"wpcf7-list-item last\"><label><input type=\"radio\" name=\"askerlik\" value=\"Muaf\" \/><span class=\"wpcf7-list-item-label\">Muaf<\/span><\/label><\/span><\/span><\/span>\n\t\t\t<\/p>\n\t\t<\/td>\n\t<\/tr>\n\t<tr bgcolor=\"#d3dfee\">\n\t\t<td>\n\t\t\t<p>\u0130letmek istedi\u011finiz ba\u015fka bilgiler var m\u0131?\n\t\t\t<\/p>\n\t\t<\/td>\n\t\t<td>\n\t\t\t<p><span class=\"wpcf7-form-control-wrap\" data-name=\"your-message\"><textarea cols=\"40\" rows=\"10\" class=\"wpcf7-form-control wpcf7-textarea\" aria-invalid=\"false\" name=\"your-message\"><\/textarea><\/span>\n\t\t\t<\/p>\n\t\t<\/td>\n\t<\/tr>\n<\/table>\n<p style=\"text-align:center;\"><input class=\"wpcf7-form-control wpcf7-submit has-spinner\" type=\"submit\" value=\"G\u00f6nder\" \/>\n<\/p><div class=\"wpcf7-response-output\" aria-hidden=\"true\"><\/div>\n<\/form>\n<\/div>\n\n","protected":false},"excerpt":{"rendered":"","protected":false},"author":1,"featured_media":0,"parent":0,"menu_order":0,"comment_status":"closed","ping_status":"closed","template":"","meta":{"footnotes":""},"class_list":["post-380","page","type-page","status-publish","hentry"],"_links":{"self":[{"href":"https:\/\/selimhidrolik.com\/eng\/index.php?rest_route=\/wp\/v2\/pages\/380","targetHints":{"allow":["GET"]}}],"collection":[{"href":"https:\/\/selimhidrolik.com\/eng\/index.php?rest_route=\/wp\/v2\/pages"}],"about":[{"href":"https:\/\/selimhidrolik.com\/eng\/index.php?rest_route=\/wp\/v2\/types\/page"}],"author":[{"embeddable":true,"href":"https:\/\/selimhidrolik.com\/eng\/index.php?rest_route=\/wp\/v2\/users\/1"}],"replies":[{"embeddable":true,"href":"https:\/\/selimhidrolik.com\/eng\/index.php?rest_route=%2Fwp%2Fv2%2Fcomments&post=380"}],"version-history":[{"count":2,"href":"https:\/\/selimhidrolik.com\/eng\/index.php?rest_route=\/wp\/v2\/pages\/380\/revisions"}],"predecessor-version":[{"id":429,"href":"https:\/\/selimhidrolik.com\/eng\/index.php?rest_route=\/wp\/v2\/pages\/380\/revisions\/429"}],"wp:attachment":[{"href":"https:\/\/selimhidrolik.com\/eng\/index.php?rest_route=%2Fwp%2Fv2%2Fmedia&parent=380"}],"curies":[{"name":"wp","href":"https:\/\/api.w.org\/{rel}","templated":true}]}}